 be 32/(-128)*5*(1 - 5). What is h(q)?
4
Let x be (-1)/((14/6)/(-7)). Let s(b) = b**3 + 6*b**2 + 0*b**x + 2*b + 0*b**2 - 8*b**2. What is s(3)?
15
Let p(g) = -4*g + 13. Suppose -59*y + 400 = -19*y. What is p(y)?
-27
Let u(k) be the first derivative of k**3/6 + k**2/2 + 14*k - 41. Let w(n) be the first derivative of u(n). What is w(2)?
3
Suppose 0 = 3*s + 2*s + 10. Let z(w) = -4*w. Calculate z(s).
8
Let r(s) = -s**3 - 7*s + 4. Let u(v) = -v**3 - v**2 - 6*v + 3. Let x(t) = -4*r(t) + 5*u(t). Suppose -45*d + 9 = -48*d. Calculate x(d).
-13
Let k = 583 - 580. Let u(o) = o**3 - o**2 - 3*o + 1. Give u(k).
10
Let u(l) = -l**2 + 9*l + 10. Suppose 1 - 91 = -9*r. Calculate u(r).
0
Let s(l) = 0*l - 4*l + 19*l + 19 + 0*l - 14*l. Give s(9).
28
Let t(i) = i**2 + 4*i - 8. Suppose 0 = -3*o + p + 5 - 4, -4*p = -20. Suppose 0 = o*q + 4 - 2. Let v be (30/35)/(q/7). What is t(v)?
4
Let s be (-4)/(-18) - 112/18. Let n be (-68)/(-3) - 12/(-9). Let g(b) = n*b - 25*b + 2 + 0. Give g(s).
8
Let j(k) = k. Let g = 1 + 1. Let a(o) = -11*o + 4*o - o**g - 2 + 0*o**2. Let y(i) = -a(i) - 6*j(i). Calculate y(-2).
4
Suppose 54 + 2 = 2*u. Let w = -20 + u. Suppose 2*v = 5*n - 23, -4*v + 1 = 3*n + w. Let f(j) = j**3 + 4*j**2 - j + 2. What is f(v)?
6
Suppose 21 = 3*w - 5*h - 6, -h = w - 17. Suppose -5*g + 6 = -w. Let l(b) = -b**2 + 5*b - 5. Calculate l(g).
-1
Suppose 0 = -4*b - 6 - 6. Let h(f) be the third derivative of 7*f**4/24 + 2*f**3/3 + 37*f**2 - 2*f. Give h(b).
-17
Let u(o) = -2*o - 12. Let m(v) = -2*v - 7. Let x be m(-5). Suppose -2*c = -x*s + 25, 4*s - 21 = 3*c + 15. Calculate u(c).
4
Let f(m) = 5*m. Let q be 1/(-1 + (-8)/(-6)). Let t(s) = 4*s**2 - 2*s**2 + 3 - 1 - 3*s**2 + 2*s. Let j be t(q). Determine f(j).
-5
Let c(s) be the second derivative of s**4/12 - s**3/3 - 56*s. Give c(2).
0
Let o(n) = 3 + n**3 + 2*n**2 - 7 + 0*n + 3*n**2 + 7 - n. Give o(-5).
8
Let n(c) = -11*c + 83. Let s be n(8). Let j(g) = 0*g - 2*g + 10 + 3*g. Calculate j(s).
5
Let q = -14 - -12. Let t be (q/(-2))/((-6)/(-18)). Let y(n) be the second derivative of n**3/2 - n**2/2 + 3*n. Determine y(t).
8
Let v(x) = -x**3 + 4*x**2 - 3*x. Let z be 2/(-5) - (-204)/60. Give v(z).
0
Let u = 20 - 14. Let f(h) be the first derivative of h**2 - 3*h - 298. Give f(u).
9
Suppose -8 = 18*a - 22*a. Let n(j) = a*j - 7 + 4 + 3*j - 3*j. Determine n(-3).
-9
Let k(z) = -10*z**2 + 4*z + 6. Let y be k(-1). Let n(g) = g + 6. Determine n(y).
-2
Suppose 111 = 3*c - 3*l + 36, -4*l = c - 30. Suppose 0 = 4*a - x - c, -x + 33 - 5 = 5*a. Let n(h) = -h**2 + 3*h - 6. Give n(a).
-24
Let m(t) = 7*t**2 - 34*t + 14. Let y(c) = -3*c**2 + 14*c - 7. Let s(v) = -2*m(v) - 5*y(v). Determine s(6).
31
Let w(p) = p**3 - 7*p**2 - 10*p + 7. Let h be w(8). Suppose -3*y + 4 = -2*j - 37, -5*y = 2*j + 1. Let g = h - j. Let c(t) = -2*t + 3. Calculate c(g).
-5
Let o(t) = t**2 - t - 1. Let g be (-1 + 0)*(7 - 1). Let w = -3 - g. Calculate o(w).
5
Suppose -22 = 29*v - 80. Let t(y) = -11*y - 2. Determine t(v).
-24
Let i(f) = -3*f - 38. Let c(u) = -u - 13. Let j(g) = 7*c(g) - 2*i(g). Suppose 34 = -4*p + 32*n - 33*n, -47 = 5*p - n. Calculate j(p).
-6
Let j(s) = 9*s**3 - 62*s**2 - 8*s + 15. Let i be j(7). Let n(d) = -d**2 + 11*d + 5. Calculate n(i).
29
Let z(k) be the first derivative of k**4/12 + k**3/2 - k**2 + 32*k + 17. Let p(x) be the first derivative of z(x). Give p(-2).
-4
Let l(b) = 9*b + 11. Let z be l(-1). Let x(n) = -n**3 + 3*n**2 - 2*n + 1. What is x(z)?
1
Let q(w) = -15*w**2 - 33*w - 6. Let p be 0 - -2 - (-6 - 0 - 5). Let n(l) = -7*l**2 - 16*l - 2. Let r(v) = p*n(v) - 6*q(v). Determine r(-11).
-1
Let c(b) = b**2 + 14*b - 14*b + b**2 + 0*b**2 + 21*b - 16. Determine c(-11).
-5
Let j = -868 - -870. Let x(r) = 3*r**3 - 3*r**2 + r + 2. Give x(j).
16
Let s(b) = -9*b**2 - 7*b - 11. Let k(m) = -4*m**2 - 4*m - 6. Let g(n) = n**2 + 3*n - 3. Let p be g(0). Let f(r) = p*s(r) + 7*k(r). Determine f(-6).
-3
Let s(j) = -j**2 + j + 68. Suppose 35*k + 99 = 46*k. Calculate s(k).
-4
Let k(j) = j**2 - 2*j - 3. Let c be -5*(-32)/(-40)*3/4. Determine k(c).
12
Let u(k) = -2 + 2*k + 630*k**2 - 630*k**2 - k**3. What is u(1)?
-1
Let f(g) = 3*g**3 - 3*g**2 - g + 4. Let p(v) = -v**2 + 1. Let b be 6*5/(1 - -9). Let q(i) = b*p(i) - f(i). Give q(1).
-3
Let g(b) = -3*b + 11*b - 5*b + 3. Let h(l) = -l**3 + 13*l**2 - 11*l - 9. Let n be h(12). Suppose -3*o - 3 = -r, -n*r + 4*o + 0*o + 9 = 0. Determine g(r).
12
Let l(y) = 2*y**2 - 15*y - 31. Let o be l(9). Let c(d) = -d**3 - 6*d**2 - 11*d - 8. Give c(o).
4
Let x(p) be the third derivative of -p**4/24 - 5*p**3/6 + 14*p**2. Let j = 12 + -7. Suppose 0 = -c - j. Determine x(c).
0
Let y(w) = -2*w + 1. Let k be 4/(1 - (0 - -3)). What is y(k)?
5
Suppose -33 = 3*a - 6*a. Let b be a/(-3) - (-5)/(-15). Let n(s) = 2*s - 4. Calculate n(b).
-12
Let q(t) be the first derivative of t**4/4 - 2*t**3 + 2*t**2 - 2*t - 1. Suppose -7*j + 38 = -18. Suppose 15 = -5*n + j*n. Determine q(n).
-7
Let p(w) = -16*w**3 - 9*w - 15*w**3 + 48*w**3 + 5 - 7*w**2 - 16*w**3. Suppose -3*b + 41 = b - 3*j, -43 = -5*b + j. Determine p(b).
-3
Let d(z) = z**2 + z - 4. Let f(o) = o - 5483 + 5483. Let u be f(-4). Give d(u).
8
Let a(d) = 9*d - 6*d - 30 + 31. What is a(1)?
4
Let h = 10 - 9. Let z = h - -4. Let x(f) = 10*f**3 - 6*f**2 - 6*f + 5. Let n(b) = 7*b**3 - 4*b**2 - 4*b + 3. Let r(g) = z*x(g) - 8*n(g). Calculate r(-1).
7
Let q = -2073 - -2081. Let m(u) be the first derivative of -1/2*u**2 - 6*u + q. What is m(0)?
-6
Suppose -n - 3 = -o, 0*n = -o - 6*n - 11. Let y(x) = 9*x - 2. Calculate y(o).
7
Let r(p) be the second derivative of p**3/6 + 3*p**2/2 + 11*p. Let t(d) = -d**2 + 6*d + 7. Let o be t(8). Let y = o - -4. Give r(y).
-2
Let i(l) = -l**3 + 3*l**2 + 7*l - 6. Suppose 0 = 3*u + b - 8, -u + 2*b + 21 = 9. Give i(u).
6
Let b(p) = 49 - 151 + 53 - 6*p - 11*p + 47. Determine b(-3).
49
Let h(m) = m**3 - 24*m**2 + 15*m - 31. Let l be h(24). Let q be ((-18)/(-14) - 1) + (-94)/l. Let u(i) be the first derivative of i**2/2 + 3*i + 1. What is u(q)?
3
Let u be -1*(-3)/(-12) - (-9)/4. Let c(s) = 2*s**2 + 2 - 4*s**u + s**2 + 5*s. Suppose 2*h = h + 6. Give c(h).
-4
Let x(s) = 6*s**2 - 3*s + 5. Let w(d) = -7*d**2 - 6 + 2*d + 4 - 4 + d. Let f(r) = -4*w(r) - 5*x(r). Suppose t - 2 = -2*c - 0*t, 10 = -5*t. What is f(c)?
-3
Let r(j) = 28*j - 54. Let m(b) = -13*b + 26. Let v(f) = -13*m(f) - 6*r(f). What is v(10)?
-4
Let v(q) be the first derivative of q**2/2 + 3*q - 2. Let f = 120 - 120. Calculate v(f).
3
Let f be -2 + 5 - 25/(-5). Suppose -6 = -2*k - 3*a, 24 - f = -4*a. Let c(t) = t - 13. What is c(k)?
-4
Suppose 0 = 503*l - 510*l - 7. Let p(i) = 5*i + 1. Give p(l).
-4
Let q(y) = y**3 + 2*y**2 - 1. Let r = 2 - 3. Let b(x) = -x**3 - 9*x**2 - x - 7. Let l be b(-9). Let c = r + l. Determine q(c).
2
Let u be (2 - -22)*3/3. Let c = u - 29. Let y(v) = -v + 2. Give y(c).
7
Let b(d) = -d**2 + 3*d. Let p = -9 + 12. Let x(t) = -t**3 + 4*t**2 - 4*t + 1. Let i be x(3). Let l be i + (p - -9)/2. Determine b(l).
-4
Let p(d) = -2*d - 1. Let y be 4/12*0 - 0. Suppose 2*q - 5*o - 1 = -y, -5*q = -2*o - 13. Calculate p(q).
-7
Let w(n) = -n**3 + 10*n**2 - 11. Let b be w(10). Let y = b + 14. Let g be -4 + (y - (1 + 0)). Let m(t) = 2*t + 2. What is m(g)?
-2
Let z(g) = g**3 + 6*g**2 + 5*g - 3. Suppose -15 = -a + 4*a. Let w be ((-4)/(-5))/((-2)/(-5)). Let x be -7 - w*(a - -4). Give z(x).
-3
Suppose -2*j + 3*m = -11, -3*m = 5*j - j + 23. Let x(v) = -v**2 - 13*v - 32. Let t be x(-9). Let d be (-15)/j*t/(-5). Let q(u) = u + 7. Give q(d).
1
Suppose 8*u + 5*n - 8 = 7*u, 2*u - 4*n = 2. Let a(r) be the third derivative of 5*r**2 + 7/24*r**4 + 0*r - 7/6*r**u + 0 + 1/60*r**5. Give a(-7).
-7
Let b = 65 + -64. Let l(k) = -3*k - 1. What is l(b)?
-4
Let b(g) = -g**3 - 9*g**2 + 4*g - 6. Let r(p) be the first derivative of p**3/3 - 5. Let a(l) = b(l) + 4*r(l). Suppose 0 = 4*o - 2 + 26. Calculate a(o).
6
Let h be (2 + -1)*(-1)/(-1). Let l(o) be the second derivative of -1/12*o**4 + 0*o**2 + 0 - 1/6*o**3 + 2*o. What is l(h)?
-2
Let y(i) = 5*i - 3. Let m(d) = -1. Let n(v) = -6*m(v) + y(v). Suppose 0 = -2*a - 1 - 3. Calculate n(a).
-7
Let f(z) be the second derivative of -z**5/20 + z**4/3 - z**3/2 - z**2/2 + 151*z. Give f(2).
1
Let q(y) be the third derivative of -y**6/120 - 2*y**5/15 - 13*y**4/24 - 2*y**3/3 + 195*y**2. Give q(-6).
2
Let